{"id":5,"date":"2013-05-09T08:51:22","date_gmt":"2013-05-09T06:51:22","guid":{"rendered":"http:\/\/www.szczukowski.com\/benutzerseiten\/alexander\/wordpress\/?page_id=2"},"modified":"2021-03-10T08:17:40","modified_gmt":"2021-03-10T07:17:40","slug":"willkommen","status":"publish","type":"page","link":"https:\/\/hno-wetter.de\/","title":{"rendered":"Willkommen"},"content":{"rendered":"\n<p><strong>Herzlich willkommen in der HNO Facharztpraxis Dres. Detlef und Alexander Szczukowski!<\/strong><\/p>\n\n\n\n<p>Sie k\u00f6nnen sich hier \u00fcber uns, unsere Leistungen und \u00d6ffnungszeiten informieren<\/p>\n\n\n\n<p>Da wir bem\u00fcht sind, diese Seite st\u00e4ndig zu erweitern und auf aktuellem Stand zu halten, w\u00fcrden wir uns freuen, Sie hier regelm\u00e4\u00dfig begr\u00fc\u00dfen zu d\u00fcrfen.<\/p>\n\n\n\n<p>Vielen Dank f\u00fcr Ihr Interesse und viel Spa\u00df w\u00fcnschen Ihnen Ihre HNO-\u00c4rzte Detlef und Alexander Szczukowski und Ihr Praxisteam.<\/p>\n","protected":false},"excerpt":{"rendered":"<p>Herzlich willkommen in der HNO Facharztpraxis Dres. Detlef und Alexander Szczukowski! Sie k\u00f6nnen sich hier \u00fcber uns, unsere Leistungen und \u00d6ffnungszeiten informieren Da wir bem\u00fcht sind, diese Seite st\u00e4ndig zu erweitern und auf aktuellem Stand zu halten, w\u00fcrden wir uns freuen, Sie hier regelm\u00e4\u00dfig begr\u00fc\u00dfen zu d\u00fcrfen. Vielen Dank f\u00fcr Ihr Interesse und viel Spa\u00df [&hellip;]<\/p>\n","protected":false},"author":2,"featured_media":0,"parent":0,"menu_order":0,"comment_status":"closed","ping_status":"closed","template":"","meta":{"footnotes":""},"class_list":["post-5","page","type-page","status-publish","hentry"],"_links":{"self":[{"href":"https:\/\/hno-wetter.de\/index.php?rest_route=\/wp\/v2\/pages\/5","targetHints":{"allow":["GET"]}}],"collection":[{"href":"https:\/\/hno-wetter.de\/index.php?rest_route=\/wp\/v2\/pages"}],"about":[{"href":"https:\/\/hno-wetter.de\/index.php?rest_route=\/wp\/v2\/types\/page"}],"author":[{"embeddable":true,"href":"https:\/\/hno-wetter.de\/index.php?rest_route=\/wp\/v2\/users\/2"}],"replies":[{"embeddable":true,"href":"https:\/\/hno-wetter.de\/index.php?rest_route=%2Fwp%2Fv2%2Fcomments&post=5"}],"version-history":[{"count":9,"href":"https:\/\/hno-wetter.de\/index.php?rest_route=\/wp\/v2\/pages\/5\/revisions"}],"predecessor-version":[{"id":376,"href":"https:\/\/hno-wetter.de\/index.php?rest_route=\/wp\/v2\/pages\/5\/revisions\/376"}],"wp:attachment":[{"href":"https:\/\/hno-wetter.de\/index.php?rest_route=%2Fwp%2Fv2%2Fmedia&parent=5"}],"curies":[{"name":"wp","href":"https:\/\/api.w.org\/{rel}","templated":true}]}}